{"id":1091,"date":"2024-12-05T15:38:53","date_gmt":"2024-12-05T14:38:53","guid":{"rendered":"https:\/\/marschband.de\/mb\/?page_id=1091"},"modified":"2026-01-13T16:59:40","modified_gmt":"2026-01-13T15:59:40","slug":"fruehjahrskonzert-2025","status":"publish","type":"page","link":"https:\/\/marschband.de\/mb\/","title":{"rendered":"Fr\u00fchjahrskonzert 2026"},"content":{"rendered":"<div class=\"wp-block-image is-style-default\">\n<figure class=\"alignright size-full is-resized\"><img loading=\"lazy\" decoding=\"async\" width=\"694\" height=\"436\" src=\"https:\/\/marschband.de\/mb\/wp-content\/uploads\/2024\/12\/Andi.png\" alt=\"\" class=\"wp-image-1094\" style=\"width:221px;height:auto\" srcset=\"https:\/\/marschband.de\/mb\/wp-content\/uploads\/2024\/12\/Andi.png 694w, https:\/\/marschband.de\/mb\/wp-content\/uploads\/2024\/12\/Andi-300x188.png 300w\" sizes=\"auto, (max-width: 694px) 100vw, 694px\" \/><\/figure>\n<\/div>\n\n\n<p>2026 ist f\u00fcr uns ein besonderes Jahr! <br>Es ist Jubil\u00e4um! 50 Jahre Marschband!<\/p>\n\n\n\n<p>Wir freuen sehr auf das gro\u00dfe Jubil\u00e4umskonzert unter der Leitung von Andreas Goj.<\/p>\n\n\n<div class=\"wp-block-image\">\n<figure class=\"alignleft size-full is-resized\"><img loading=\"lazy\" decoding=\"async\" width=\"757\" height=\"847\" src=\"https:\/\/marschband.de\/mb\/wp-content\/uploads\/2024\/12\/Trompeten.png\" alt=\"\" class=\"wp-image-1095\" style=\"width:174px;height:auto\" srcset=\"https:\/\/marschband.de\/mb\/wp-content\/uploads\/2024\/12\/Trompeten.png 757w, https:\/\/marschband.de\/mb\/wp-content\/uploads\/2024\/12\/Trompeten-268x300.png 268w\" sizes=\"auto, (max-width: 757px) 100vw, 757px\" \/><\/figure>\n<\/div>\n\n\n<p>Besuchen Sie uns am 22. M\u00e4rz 2026 um 16 Uhr und werden Sie Teil des besonderen Nachmittags. Wir pr\u00e4sentieren Ihnen unsere gr\u00f6\u00dften Hits der vergangenen Jahrzehnte. Es bleibt dabei gewohnt abwechslungsreich. Von Klassik \u00fcber Volksmusik, Musical und Big-Band-Kl\u00e4ngen werden ihre Ohren verw\u00f6hnt.<br><\/p>\n\n\n<div class=\"wp-block-image\">\n<figure class=\"alignright size-full is-resized\"><img loading=\"lazy\" decoding=\"async\" width=\"616\" height=\"504\" src=\"https:\/\/marschband.de\/mb\/wp-content\/uploads\/2024\/12\/Helmut_Thomas.png\" alt=\"\" class=\"wp-image-1096\" style=\"width:178px;height:auto\" srcset=\"https:\/\/marschband.de\/mb\/wp-content\/uploads\/2024\/12\/Helmut_Thomas.png 616w, https:\/\/marschband.de\/mb\/wp-content\/uploads\/2024\/12\/Helmut_Thomas-300x245.png 300w\" sizes=\"auto, (max-width: 616px) 100vw, 616px\" \/><\/figure>\n<\/div>\n\n\n<p><br>Auch unsere talentierten Solistinnen und Solisten kramen im Archiv nach den besonderen Werken der Vergangenheit und freuen sich, Ihnen zu pr\u00e4sentieren was in Ihnen steckt.<\/p>\n\n\n<div class=\"wp-block-image\">\n<figure class=\"alignleft size-full is-resized\"><img loading=\"lazy\" decoding=\"async\" width=\"876\" height=\"575\" src=\"https:\/\/marschband.de\/mb\/wp-content\/uploads\/2024\/12\/Jan_Iris.png\" alt=\"\" class=\"wp-image-1097\" style=\"width:224px;height:auto\" srcset=\"https:\/\/marschband.de\/mb\/wp-content\/uploads\/2024\/12\/Jan_Iris.png 876w, https:\/\/marschband.de\/mb\/wp-content\/uploads\/2024\/12\/Jan_Iris-300x197.png 300w, https:\/\/marschband.de\/mb\/wp-content\/uploads\/2024\/12\/Jan_Iris-768x504.png 768w\" sizes=\"auto, (max-width: 876px) 100vw, 876px\" \/><\/figure>\n<\/div>\n\n\n<p>Wir m\u00f6chten Sie erneut einladen in das Forum der Europa-Schule in Schwarzenbek, welches Sie mit dem \u00d6PNV erreichen. Au\u00dferdem gibt es einen gro\u00dfen Parkplatz und barrierefreien Zugang zum Konzertsaal!<\/p>\n\n\n<div class=\"wp-block-image\">\n<figure class=\"alignright size-full is-resized\"><img loading=\"lazy\" decoding=\"async\" width=\"592\" height=\"475\" src=\"https:\/\/marschband.de\/mb\/wp-content\/uploads\/2024\/12\/Klarinetten.png\" alt=\"\" class=\"wp-image-1098\" style=\"width:154px;height:auto\" srcset=\"https:\/\/marschband.de\/mb\/wp-content\/uploads\/2024\/12\/Klarinetten.png 592w, https:\/\/marschband.de\/mb\/wp-content\/uploads\/2024\/12\/Klarinetten-300x241.png 300w\" sizes=\"auto, (max-width: 592px) 100vw, 592px\" \/><\/figure>\n<\/div>\n\n\n<p><br>Damit die Kehle nicht trocken wird, versorgen wir Sie vor dem Konzert und in der Pause selbstverst\u00e4ndlich mit Getr\u00e4nken und&nbsp;kleinen&nbsp;Snacks.<\/p>\n\n\n\n<h2 class=\"wp-block-heading\"><strong>Vorverkaufsstellen<\/strong><\/h2>\n\n\n\n<p>G\u00e4rtnerei Martens im EDEKA Parau <br>B\u00fcchen &#8211; Tel. 04155 \/ 2162<\/p>\n\n\n\n<p>Markus Jarms Versicherungen &#8211; <br>Schwarzenbek &#8211; Markt 4 &#8211; 04151 \/ 897780<\/p>\n\n\n\n<p>Zigarren Fries<br>Geesthacht &#8211; Bergedorfer Str. 46 &#8211; 04152 \/ 3372<\/p>\n\n\n\n<p>Ralph Heucke<br>Vier- und Marschlande &#8211; 040 \/ 7371070<\/p>\n\n\n\n<p>Marschband<br><a href=\"mailto:info@marschband.de\">info@marschband.de<\/a> &#8211; 04153 \/ 54313<\/p>\n","protected":false},"excerpt":{"rendered":"<p>2026 ist f\u00fcr uns ein besonderes Jahr! Es ist Jubil\u00e4um! 50 Jahre Marschband! Wir freuen sehr auf das gro\u00dfe Jubil\u00e4umskonzert unter der Leitung von Andreas Goj. Besuchen Sie uns am 22. M\u00e4rz 2026 um 16 Uhr und werden Sie Teil des besonderen Nachmittags. Wir pr\u00e4sentieren Ihnen unsere gr\u00f6\u00dften Hits der vergangenen Jahrzehnte. Es bleibt dabei &hellip; <a href=\"https:\/\/marschband.de\/mb\/\" class=\"more-link\"><span class=\"screen-reader-text\">Fr\u00fchjahrskonzert 2026<\/span> weiterlesen<\/a><\/p>\n","protected":false},"author":1,"featured_media":1065,"parent":0,"menu_order":0,"comment_status":"closed","ping_status":"closed","template":"","meta":{"footnotes":""},"class_list":["post-1091","page","type-page","status-publish","has-post-thumbnail","hentry"],"_links":{"self":[{"href":"https:\/\/marschband.de\/mb\/wp-json\/wp\/v2\/pages\/1091","targetHints":{"allow":["GET"]}}],"collection":[{"href":"https:\/\/marschband.de\/mb\/wp-json\/wp\/v2\/pages"}],"about":[{"href":"https:\/\/marschband.de\/mb\/wp-json\/wp\/v2\/types\/page"}],"author":[{"embeddable":true,"href":"https:\/\/marschband.de\/mb\/wp-json\/wp\/v2\/users\/1"}],"replies":[{"embeddable":true,"href":"https:\/\/marschband.de\/mb\/wp-json\/wp\/v2\/comments?post=1091"}],"version-history":[{"count":9,"href":"https:\/\/marschband.de\/mb\/wp-json\/wp\/v2\/pages\/1091\/revisions"}],"predecessor-version":[{"id":1141,"href":"https:\/\/marschband.de\/mb\/wp-json\/wp\/v2\/pages\/1091\/revisions\/1141"}],"wp:featuredmedia":[{"embeddable":true,"href":"https:\/\/marschband.de\/mb\/wp-json\/wp\/v2\/media\/1065"}],"wp:attachment":[{"href":"https:\/\/marschband.de\/mb\/wp-json\/wp\/v2\/media?parent=1091"}],"curies":[{"name":"wp","href":"https:\/\/api.w.org\/{rel}","templated":true}]}}

Frühjahrskonzert 2026

<div class="wp-block-image is-style-default">
<figure class="alignright size-full is-resized"><img loading="lazy" decoding="async" width="694" height="436" src="https://marschband.de/mb/wp-content/uploads/2024/12/Andi.png" alt="" class="wp-image-1094" style="width:221px;height:auto" srcset="https://marschband.de/mb/wp-content/uploads/2024/12/Andi.png 694w, https://marschband.de/mb/wp-content/uploads/2024/12/Andi-300x188.png 300w" sizes="auto, (max-width: 694px) 100vw, 694px" /></figure>
</div>


<p>2026 ist für uns ein besonderes Jahr! <br>Es ist Jubiläum! 50 Jahre Marschband!</p>



<p>Wir freuen sehr auf das große Jubiläumskonzert unter der Leitung von Andreas Goj.</p>


<div class="wp-block-image">
<figure class="alignleft size-full is-resized"><img loading="lazy" decoding="async" width="757" height="847" src="https://marschband.de/mb/wp-content/uploads/2024/12/Trompeten.png" alt="" class="wp-image-1095" style="width:174px;height:auto" srcset="https://marschband.de/mb/wp-content/uploads/2024/12/Trompeten.png 757w, https://marschband.de/mb/wp-content/uploads/2024/12/Trompeten-268x300.png 268w" sizes="auto, (max-width: 757px) 100vw, 757px" /></figure>
</div>


<p>Besuchen Sie uns am 22. März 2026 um 16 Uhr und werden Sie Teil des besonderen Nachmittags. Wir präsentieren Ihnen unsere größten Hits der vergangenen Jahrzehnte. Es bleibt dabei gewohnt abwechslungsreich. Von Klassik über Volksmusik, Musical und Big-Band-Klängen werden ihre Ohren verwöhnt.<br></p>


<div class="wp-block-image">
<figure class="alignright size-full is-resized"><img loading="lazy" decoding="async" width="616" height="504" src="https://marschband.de/mb/wp-content/uploads/2024/12/Helmut_Thomas.png" alt="" class="wp-image-1096" style="width:178px;height:auto" srcset="https://marschband.de/mb/wp-content/uploads/2024/12/Helmut_Thomas.png 616w, https://marschband.de/mb/wp-content/uploads/2024/12/Helmut_Thomas-300x245.png 300w" sizes="auto, (max-width: 616px) 100vw, 616px" /></figure>
</div>


<p><br>Auch unsere talentierten Solistinnen und Solisten kramen im Archiv nach den besonderen Werken der Vergangenheit und freuen sich, Ihnen zu präsentieren was in Ihnen steckt.</p>


<div class="wp-block-image">
<figure class="alignleft size-full is-resized"><img loading="lazy" decoding="async" width="876" height="575" src="https://marschband.de/mb/wp-content/uploads/2024/12/Jan_Iris.png" alt="" class="wp-image-1097" style="width:224px;height:auto" srcset="https://marschband.de/mb/wp-content/uploads/2024/12/Jan_Iris.png 876w, https://marschband.de/mb/wp-content/uploads/2024/12/Jan_Iris-300x197.png 300w, https://marschband.de/mb/wp-content/uploads/2024/12/Jan_Iris-768x504.png 768w" sizes="auto, (max-width: 876px) 100vw, 876px" /></figure>
</div>


<p>Wir möchten Sie erneut einladen in das Forum der Europa-Schule in Schwarzenbek, welches Sie mit dem ÖPNV erreichen. Außerdem gibt es einen großen Parkplatz und barrierefreien Zugang zum Konzertsaal!</p>


<div class="wp-block-image">
<figure class="alignright size-full is-resized"><img loading="lazy" decoding="async" width="592" height="475" src="https://marschband.de/mb/wp-content/uploads/2024/12/Klarinetten.png" alt="" class="wp-image-1098" style="width:154px;height:auto" srcset="https://marschband.de/mb/wp-content/uploads/2024/12/Klarinetten.png 592w, https://marschband.de/mb/wp-content/uploads/2024/12/Klarinetten-300x241.png 300w" sizes="auto, (max-width: 592px) 100vw, 592px" /></figure>
</div>


<p><br>Damit die Kehle nicht trocken wird, versorgen wir Sie vor dem Konzert und in der Pause selbstverständlich mit Getränken und&nbsp;kleinen&nbsp;Snacks.</p>



<h2 class="wp-block-heading"><strong>Vorverkaufsstellen</strong></h2>



<p>Gärtnerei Martens im EDEKA Parau <br>Büchen &#8211; Tel. 04155 / 2162</p>



<p>Markus Jarms Versicherungen &#8211; <br>Schwarzenbek &#8211; Markt 4 &#8211; 04151 / 897780</p>



<p>Zigarren Fries<br>Geesthacht &#8211; Bergedorfer Str. 46 &#8211; 04152 / 3372</p>



<p>Ralph Heucke<br>Vier- und Marschlande &#8211; 040 / 7371070</p>



<p>Marschband<br><a href="mailto:info@marschband.de">info@marschband.de</a> &#8211; 04153 / 54313</p>

<p>2026 ist für uns ein besonderes Jahr! Es ist Jubiläum! 50 Jahre Marschband! Wir freuen sehr auf das große Jubiläumskonzert unter der Leitung von Andreas Goj. Besuchen Sie uns am 22. März 2026 um 16 Uhr und werden Sie Teil des besonderen Nachmittags. Wir präsentieren Ihnen unsere größten Hits der vergangenen Jahrzehnte. Es bleibt dabei &hellip; <a href="https://marschband.de/mb/" class="more-link"><span class="screen-reader-text">Frühjahrskonzert 2026</span> weiterlesen</a></p>
